 k + 2 = -3. Is a prime?
False
Let j = 443 - -240. Is j prime?
True
Suppose -2*y + 778 = -668. Is y composite?
True
Let g be (-1 + 3)*8290/20. Suppose -3*j - 23 = -8, -4*m - 3*j + g = 0. Is m prime?
True
Suppose -4*j + 2216 = h, 0 = -2*j - 5*h - 113 + 1239. Is j composite?
True
Let y(l) = 25*l**2 - 17*l - 7. Is y(7) composite?
True
Let c = 1 + -3. Let l be 3*15/9 + c. Suppose -2*a = l*h + 2 - 433, 4*h = 5*a + 567. Is h a prime number?
False
Let u = -4 + 7. Suppose -j + 288 = -4*k, u*j + 0*k = -k + 916. Suppose -5*r - 3*f = -j + 54, f = -r + 48. Is r composite?
False
Is -4 - -189 - (-2 + 2) composite?
True
Is -337*(-4 - -8)/(-4) composite?
False
Is -1*(-5)/(5/161) a composite number?
True
Let c = 695 + -208. Is c composite?
False
Suppose c - 3*z - 350 = 0, 2*z - z = -c + 362. Is c a prime number?
True
Suppose 3*o + 2*o + 2650 = 0. Is (4 + o)*1/(-2) composite?
False
Let v(x) = -x**2 - 6*x + 1. Let j(o) = 4*o**3 - 2*o**2 - o. Let g be j(-1). Is v(g) prime?
False
Is -1 + 57 + (3 - 0) composite?
False
Let l(h) = 3*h**2 - 4*h - 5. Let q(r) = 2*r**2 - 5*r - 6. Let f(x) = -5*l(x) + 4*q(x). Let y be f(1). Is ((-203)/(-3))/((-2)/y) a prime number?
False
Suppose 11 = n - 120. Suppose n = 3*l + 32. Is l prime?
False
Let y(v) = -v**3 - 18*v**2 + 6*v + 4. Let h(o) = -o**3 - 18*o**2 - 15*o + 15. Let s be h(-17). Is y(s) prime?
True
Suppose 4*w - 4*x = -7*x + 1960, -x = -2*w + 970. Is w a composite number?
False
Let q(p) = 11*p**3 + p**2 + 9*p - 14. Let v(c) be the first derivative of c**4 + 3*c**2/2 - 5*c - 1. Let m(o) = -3*q(o) + 8*v(o). Is m(-3) composite?
False
Suppose 0 = -k + 98 + 111. Is k a prime number?
False
Is (-499 + (4 - 4))/((-3)/15) composite?
True
Suppose -2*v - 205 + 4239 = 0. Is v composite?
False
Let p(m) = 16*m**2 - 2*m - 1. Is p(5) prime?
True
Let k = -2 + 5. Suppose -u + 29 = -3*j, -j + 0*j - 47 = -k*u. Suppose 0 = 4*g + i - 42 - u, 0 = -5*g + 2*i + 57. Is g a composite number?
False
Is (-8)/8*(-1346)/2 prime?
True
Suppose -4*s + 4*a - 5 = -25, 0 = 5*s - 4*a - 23. Suppose -4 = -2*t - 2*t + 3*c, -8 = -s*t + c. Suppose -t*i = -i - 33. Is i prime?
True
Let o(a) = a**2 - a - 7. Let r(k) = -k**2 + 2*k - 1. Let p be r(1). Suppose -j - 2*w - 2 = p, -j - 38 = -6*j + 2*w. Is o(j) composite?
False
Suppose -4*a + 0*h = -2*h + 122, -3*a + h - 89 = 0. Let v(q) = -8*q - 1. Let x be v(-5). Let b = x + a. Is b prime?
True
Let s(v) = -v**3 - 1 + v + 2*v**3 + 7. Let q be s(0). Suppose 2*l - q*l + 367 = -o, -l - 4*o + 79 = 0. Is l composite?
True
Let v(j) = 0*j**2 + 0*j**3 - 7*j - 12*j**2 - 12 + 1 + j**3. Is v(13) composite?
False
Suppose 5*c + 2*y - 597 = 0, -c - 4*y = -57 - 66. Is c a prime number?
False
Let w(v) = 14*v + 5. Let n(d) = -2*d + 2. Let k(z) = -z + 1. Let t(p) = 11*k(p) - 6*n(p). Let a(m) = 4*t(m) + w(m). Is a(7) composite?
False
Suppose -3*f - 19 + 1 = 0. Let z = f - -4. Is 0*(-1 - z) + 15 composite?
True
Suppose -5*n - 3*g - 14 = 11, -2*g + 5 = -n. Let b = 6 + n. Is (b - 0)*(-159)/(-3) a composite number?
False
Is (-1778)/(-2)*(-1)/2*-2 composite?
True
Let z(j) = j**2 + j + 0*j**2 + j + 2*j + 2. Is z(-7) prime?
True
Let o = -8 - 30. Let j be 1 - (-2)/(-3)*-3. Is 2/j + o/(-6) prime?
True
Let a be 100/(-16)*2*10. Let w = -70 - a. Is w a prime number?
False
Let d(b) = -2*b + 1. Let r(w) = w. Let l(o) = d(o) + 6*r(o). Is l(9) a prime number?
True
Let f(u) = 3*u**2 + 9*u + 11. Is f(-14) prime?
False
Suppose -5*y = -0*y - 105. Suppose -207 = -4*l + 97. Let g = l - y. Is g prime?
False
Suppose 2*o - 1 - 2 = 3*c, 0 = -5*o - 2*c + 17. Suppose -3*t - 41 = -q - 4*t, 0 = o*q - 5*t - 131. Suppose -5*i + 3*i = -q. Is i prime?
False
Let t = 197 + -132. Is t - (3 + -3)*1 a prime number?
False
Is ((-10)/4 + 1)/((-18)/2532) prime?
True
Is 6/4*32010/45 a composite number?
True
Let m = 7 + -12. Is 45/4 + m/20 prime?
True
Let a(t) = -95*t - 5. Is a(-2) a prime number?
False
Let k = 33 - -14. Let m = k - -30. Is m a composite number?
True
Let m = -6 - 5. Is (-3)/6*2 - m a composite number?
True
Let d = -3678 + 6613. Is d composite?
True
Let y be (102/10)/(1/15). Suppose -4*d - 4*j = -0*d - 644, d = -5*j + y. Is d a composite number?
False
Suppose -q - 2*q = -231. Is q composite?
True
Let p be 3/(-12)*(2 + -10). Suppose -w - 150 = -p*f - 5*w, 222 = 3*f + 5*w. Is f prime?
False
Let z = 170 + -108. Is z a composite number?
True
Let j(t) = t**3 - 3*t**2 - 6*t - 10. Let a be j(7). Suppose -23 = 4*h - 3*q - a, -150 = -5*h + 4*q. Is h composite?
True
Let c be -6*(-159)/(-6) - -2. Let l = 78 - c. Is l prime?
False
Let n = 45 - -166. Is n prime?
True
Let k(c) be the third derivative of c**7/2520 - c**6/180 + c**5/24 - c**4/24 + 2*c**2. Let n(i) be the second derivative of k(i). Is n(8) prime?
True
Let x = -35 - -84. Is x composite?
True
Suppose -s + 2*s = 163. Let z = s - 50. Is z prime?
True
Let k(x) be the second derivative of -3/2*x**2 + 0 - 1/3*x**3 - 7/12*x**4 - x - 1/20*x**5. Is k(-7) prime?
True
Let b = 312 - 165. Is 1 + b - (3 - 4) a prime number?
True
Let o be (-2)/2*-1 - 63. Let w = 120 + o. Is w composite?
True
Let j = 15 + -5. Suppose 6 = 3*d - 2*p + 4, -j = -5*d + 5*p. Let v(s) = -8*s - 3. Is v(d) a prime number?
True
Let k(s) = -767*s**3 + s**2 - 2*s - 1. Is k(-1) a composite number?
False
Let k be (322 + 2)*2/4. Suppose -10 - 10 = -4*x, -k = -z + x. Suppose -5*h + o + z = 0, 5*o + 11 - 1 = 0. Is h a prime number?
False
Let y be 0*(2 + 9/(-3)). Suppose y = v + 4*v - 1530. Is 14/(-3)*v/(-12) a composite number?
True
Suppose 5*o - 5*t + 60 = 0, o - 2*t = -0*t - 12. Let s be 1/((-1)/(-3)*-1). Is s/o + 453/12 a composite number?
True
Let x(t) be the third derivative of 11*t**5/60 - t**4/12 + t**3/6 + 5*t**2. Is x(1) a composite number?
True
Let u = 54 + 55. Is u a prime number?
True
Let j(f) be the second derivative of f**4/12 - 2*f**3/3 - 4*f**2 - 2*f. Let v be j(6). Suppose v*g - 8 = 2*g. Is g composite?
True
Let k = 12 + -3. Let o(h) = -h**2 + 10*h - 9. Let p be o(k). Suppose 5*j = -4*b + 159, -b - 3*b - 3*j + 169 = p. Is b composite?
True
Let b be 4/6*(-9)/6. Let o be (b + -9)*12/(-10). Let z = 18 - o. Is z a composite number?
True
Let a(m) = m**3 - 4*m**2 - 5*m + 3. Let d be a(5). Suppose d*i - 24 = -i. Suppose -5*h - i*y = -4*y - 745, -5*h = -5*y - 745. Is h a prime number?
True
Suppose 9*p - 8*p = 379. Is p a composite number?
False
Suppose 5*o + 4*u - 77 = 0, o - u = -2*o + 53. Suppose 5*j + 3*f - 78 = -8, -f - o = -2*j. Is j composite?
False
Is (-20)/(-25) - 13532/(-10) prime?
False
Let s(t) = 13*t**3 + 15*t**2 - 13*t - 7. Is s(6) a composite number?
True
Let m be 1/4 - 23710/(-40). Suppose -3*r + 8*r = 5*b + 750, -4*r = 3*b - m. Is r composite?
False
Let u(w) = -w**3 + 9*w**2 + 1. Let r(d) = -3*d**3 + 27*d**2 + 3. Let c(o) = 4*r(o) - 11*u(o). Let g be c(9). Let f(j) = 18*j**2 + 2*j - 1. Is f(g) composite?
False
Let r(l) = -l**2 - 5*l - 1. Let v be r(-4). Suppose -9 = -3*p + 3*x, -3*p + 8*p = v*x + 13. Suppose -3*s + 32 = m, -3*s = -0*s - p*m - 35. Is s prime?
True
Let o(w) = -w**3 - 3*w**2 + 6*w - 7. Let a be o(-6). Let z be 0 + -1 + 2 + a. Suppose 3*s - 5*s + z = 0. Is s a composite number?
True
Suppose 0 = 5*x + 3*v - 3830, -143 = -2*x + 2*v + 1405. Is x composite?
False
Suppose 9*r - 2*z = 4*r, r + z - 7 = 0. Suppose r*l - 7*l + 165 = 0. Is l composite?
True
Let d be (-3 - 4*-1) + -1. Let z = 2 + d. Suppose -z*n = -4*n + 66. Is n a prime number?
False
Let c(n) = 166*n**3 - 2*n**2 + 2*n - 1. Suppose 0 = 3*q - 1 - 2. Let l be c(q). Suppose l = -2*a + 5*a. Is a a prime number?
False
Let p be (-1 + 0 + 1)/2. Suppose h - 98 + 3 = p. Is h prime?
False
Suppose -3*c = -6*c. Let g be -2 - -12*(c + -1). Let p = 29 + g. Is p a composite number?
True
Let r(m) = -m - 1. Let f be r(-5). Suppose 2*b + 17 = 5*a, 0*b + 2*b - f*a = -12. Suppose -2*s = b*p - 70 + 12, -p - 52 = -3*s. Is s a prime number?
True
Suppose -s + 10 = s. Let y(b) = 29*b + 4. Is y(s) a composite number?
False
Let h = -6 + 0. Let q = -4 - h. Suppose -364 + 42 = -q*x. Is x a prime number?
False
Suppose 9*n = 255 + 780. Is n prime?
False
Suppose 8*w + 5*w = 13637. Is w a composite number?
False
Let z(t) = 5*t - 6. Let o(n) = -n. Let q(u) = -6*o(u) - z(u). Let k be q(-9). Is (-267)/k + -3 + -1 prime?
False
Suppose 407 = -v + 3*v + 3*o, -593 = -3*v - o. Is (-5)/(-15) + v/6 composite?
True
Let